{"id":18,"date":"2025-01-20T13:38:10","date_gmt":"2025-01-20T13:38:10","guid":{"rendered":"http:\/\/beta.elrefugiodelpago.es\/?page_id=18"},"modified":"2025-01-28T18:50:38","modified_gmt":"2025-01-28T18:50:38","slug":"declaracion-de-accesibilidad","status":"publish","type":"page","link":"https:\/\/elrefugiodelpago.es\/en\/aviso-legal\/declaracion-de-accesibilidad\/","title":{"rendered":"Accessibility statement"},"content":{"rendered":"<p><strong>Updated 03\/15\/2023<\/strong><\/p>\n\n\n\n<p><strong>JULIO C\u00c9SAR HERRADOR CURIEL undertakes to make its website accessible in accordance with the\u00a0<\/strong><a href=\"https:\/\/www.boe.es\/diario_boe\/txt.php?id=BOE-A-2018-12699\"><strong>Royal Decree 1112\/2018<\/strong><\/a><strong>, on the accessibility of public sector websites and mobile applications.<\/strong><\/p>\n\n\n\n<p>This accessibility statement applies to the website elrefugiodelpago.es<\/p>\n\n\n\n<p><strong>COMPLIANCE STATUS<\/strong><\/p>\n\n\n\n<p>This website is partially compliant with the&nbsp;<a href=\"https:\/\/www.boe.es\/diario_boe\/txt.php?id=BOE-A-2018-12699\">RD 1112\/2018<\/a>&nbsp;due to non-compliance with the aspects indicated below.<\/p>\n\n\n\n<p><strong>Content not accessible<\/strong><\/p>\n\n\n\n<p>The content below is not accessible for the following reasons:<\/p>\n\n\n\n<p><strong>Lack of compliance with RD 1112\/2018<\/strong><\/p>\n\n\n\n<ul class=\"wp-block-list\">\n<li>Images can be found without accompanying explanatory text.<\/li>\n\n\n\n<li>Incorrect nesting of tags can still be found.<\/li>\n\n\n\n<li>There may be editing errors on the website.<\/li>\n<\/ul>\n\n\n\n<p><strong>Disproportionate burden<\/strong><\/p>\n\n\n\n<ul class=\"wp-block-list\">\n<li>Not applicable.<\/li>\n<\/ul>\n\n\n\n<p><strong>The content does not fall within the scope of applicable legislation.<\/strong><\/p>\n\n\n\n<ul class=\"wp-block-list\">\n<li>There are PDF office files that do not fully meet all accessibility requirements.<\/li>\n<\/ul>\n\n\n\n<p>This statement was prepared on January 15, 2023.<\/p>\n\n\n\n<p>The method used to prepare the statement was a self-assessment carried out by the accessibility team.<\/p>\n\n\n\n<p>Last revised statement: January 12, 2023.<\/p>\n\n\n\n<p><strong>Comments and contact information<\/strong><\/p>\n\n\n\n<p>You can make communications about accessibility requirements (article 10.2.a) of RD 1112\/2018) such as:<\/p>\n\n\n\n<ul class=\"wp-block-list\">\n<li>Report any potential breaches by this website.<\/li>\n\n\n\n<li>Transmit other difficulties in accessing content.<\/li>\n\n\n\n<li>Ask any other questions or suggestions for improvement regarding the accessibility of the website.<\/li>\n<\/ul>\n\n\n\n<p>Through our suggestion box info@elrefugiodelpago.es, or in person at our headquarters:&nbsp;<a href=\"https:\/\/www.google.com\/maps\/place\/\/data=!4m2!3m1!1s0xd388fcc92fb239b:0xe9a5394fe42c2b0a?sa=X&amp;ved=1t:8290&amp;ictx=111\">Medina de Rioseco to Toro Road, VA-705, S\/N, 47870 Tiedra, Valladolid<\/a><\/p>\n\n\n\n<p>Communications will be received and processed by the Accessibility team.<\/p>\n\n\n\n<p><\/p>","protected":false},"excerpt":{"rendered":"<p>Actualizado 15\/03\/2023 JULIO C\u00c9SAR HERRADOR CURIEL se compromete en hacer accesible su sitio web de conformidad con el\u00a0Real Decreto 1112\/2018, sobre accesibilidad de los sitios webs y aplicaciones para dispositivos m\u00f3viles del sector p\u00fablico. La presente declaraci\u00f3n de accesibilidad se aplica al sitio web a elrefugiodelpago.es SITUACI\u00d3N DE CUMPLIMIENTO Este sitio web es parcialmente conforme [&hellip;]<\/p>\n","protected":false},"author":2,"featured_media":0,"parent":20,"menu_order":0,"comment_status":"closed","ping_status":"closed","template":"","meta":{"_joinchat":[],"footnotes":""},"class_list":["post-18","page","type-page","status-publish","hentry"],"yoast_head":"<!-- This site is optimized with the Yoast SEO plugin v27.5 - https:\/\/yoast.com\/product\/yoast-seo-wordpress\/ -->\n<title>Declaraci\u00f3n de accesibilidad | El Refugio del Pago<\/title>\n<meta name=\"robots\" content=\"noindex, nofollow\" \/>\n<meta property=\"og:locale\" content=\"en_GB\" \/>\n<meta property=\"og:type\" content=\"article\" \/>\n<meta property=\"og:title\" content=\"Declaraci\u00f3n de accesibilidad | El Refugio del Pago\" \/>\n<meta property=\"og:description\" content=\"Actualizado 15\/03\/2023 JULIO C\u00c9SAR HERRADOR CURIEL se compromete en hacer accesible su sitio web de conformidad con el\u00a0Real Decreto 1112\/2018, sobre accesibilidad de los sitios webs y aplicaciones para dispositivos m\u00f3viles del sector p\u00fablico. La presente declaraci\u00f3n de accesibilidad se aplica al sitio web a elrefugiodelpago.es SITUACI\u00d3N DE CUMPLIMIENTO Este sitio web es parcialmente conforme [&hellip;]\" \/>\n<meta property=\"og:url\" content=\"https:\/\/elrefugiodelpago.es\/en\/aviso-legal\/declaracion-de-accesibilidad\/\" \/>\n<meta property=\"og:site_name\" content=\"El Refugio del Pago\" \/>\n<meta property=\"article:modified_time\" content=\"2025-01-28T18:50:38+00:00\" \/>\n<meta property=\"og:image\" content=\"https:\/\/elrefugiodelpago.es\/wp-content\/uploads\/2026\/03\/ChatGPT-Image-3-mar-2026-22_20_36-1024x683.png\" \/>\n\t<meta property=\"og:image:width\" content=\"1024\" \/>\n\t<meta property=\"og:image:height\" content=\"683\" \/>\n\t<meta property=\"og:image:type\" content=\"image\/png\" \/>\n<meta name=\"twitter:card\" content=\"summary_large_image\" \/>\n<meta name=\"twitter:label1\" content=\"Estimated reading time\" \/>\n\t<meta name=\"twitter:data1\" content=\"2 minutes\" \/>\n<script type=\"application\/ld+json\" class=\"yoast-schema-graph\">{\"@context\":\"https:\\\/\\\/schema.org\",\"@graph\":[{\"@type\":\"WebPage\",\"@id\":\"https:\\\/\\\/elrefugiodelpago.es\\\/aviso-legal\\\/declaracion-de-accesibilidad\\\/\",\"url\":\"https:\\\/\\\/elrefugiodelpago.es\\\/aviso-legal\\\/declaracion-de-accesibilidad\\\/\",\"name\":\"Declaraci\u00f3n de accesibilidad | El Refugio del Pago\",\"isPartOf\":{\"@id\":\"https:\\\/\\\/elrefugiodelpago.es\\\/#website\"},\"datePublished\":\"2025-01-20T13:38:10+00:00\",\"dateModified\":\"2025-01-28T18:50:38+00:00\",\"breadcrumb\":{\"@id\":\"https:\\\/\\\/elrefugiodelpago.es\\\/aviso-legal\\\/declaracion-de-accesibilidad\\\/#breadcrumb\"},\"inLanguage\":\"en-GB\",\"potentialAction\":[{\"@type\":\"ReadAction\",\"target\":[\"https:\\\/\\\/elrefugiodelpago.es\\\/aviso-legal\\\/declaracion-de-accesibilidad\\\/\"]}]},{\"@type\":\"BreadcrumbList\",\"@id\":\"https:\\\/\\\/elrefugiodelpago.es\\\/aviso-legal\\\/declaracion-de-accesibilidad\\\/#breadcrumb\",\"itemListElement\":[{\"@type\":\"ListItem\",\"position\":1,\"name\":\"Portada\",\"item\":\"https:\\\/\\\/elrefugiodelpago.es\\\/\"},{\"@type\":\"ListItem\",\"position\":2,\"name\":\"Aviso Legal\",\"item\":\"https:\\\/\\\/elrefugiodelpago.es\\\/aviso-legal\\\/\"},{\"@type\":\"ListItem\",\"position\":3,\"name\":\"Declaraci\u00f3n de accesibilidad\"}]},{\"@type\":\"WebSite\",\"@id\":\"https:\\\/\\\/elrefugiodelpago.es\\\/#website\",\"url\":\"https:\\\/\\\/elrefugiodelpago.es\\\/\",\"name\":\"El Refugio del Pago\",\"description\":\"Restaurante El Refugio del Pago en Tiedra, especializado en cocina tradicional, carnes y vinos en un ambiente acogedor.\",\"publisher\":{\"@id\":\"https:\\\/\\\/elrefugiodelpago.es\\\/#organization\"},\"alternateName\":\"Restaurante El Refugio-Tiedra\",\"potentialAction\":[{\"@type\":\"SearchAction\",\"target\":{\"@type\":\"EntryPoint\",\"urlTemplate\":\"https:\\\/\\\/elrefugiodelpago.es\\\/?s={search_term_string}\"},\"query-input\":{\"@type\":\"PropertyValueSpecification\",\"valueRequired\":true,\"valueName\":\"search_term_string\"}}],\"inLanguage\":\"en-GB\"},{\"@type\":\"Organization\",\"@id\":\"https:\\\/\\\/elrefugiodelpago.es\\\/#organization\",\"name\":\"El Refugio del Pago\",\"url\":\"https:\\\/\\\/elrefugiodelpago.es\\\/\",\"logo\":{\"@type\":\"ImageObject\",\"inLanguage\":\"en-GB\",\"@id\":\"https:\\\/\\\/elrefugiodelpago.es\\\/#\\\/schema\\\/logo\\\/image\\\/\",\"url\":\"https:\\\/\\\/elrefugiodelpago.es\\\/wp-content\\\/uploads\\\/2025\\\/02\\\/cropped-logo-transparente-.png\",\"contentUrl\":\"https:\\\/\\\/elrefugiodelpago.es\\\/wp-content\\\/uploads\\\/2025\\\/02\\\/cropped-logo-transparente-.png\",\"width\":617,\"height\":352,\"caption\":\"El Refugio del Pago\"},\"image\":{\"@id\":\"https:\\\/\\\/elrefugiodelpago.es\\\/#\\\/schema\\\/logo\\\/image\\\/\"}}]}<\/script>\n<!-- \/ Yoast SEO plugin. -->","yoast_head_json":{"title":"Declaraci\u00f3n de accesibilidad | El Refugio del Pago","robots":{"index":"noindex","follow":"nofollow"},"og_locale":"en_GB","og_type":"article","og_title":"Declaraci\u00f3n de accesibilidad | El Refugio del Pago","og_description":"Actualizado 15\/03\/2023 JULIO C\u00c9SAR HERRADOR CURIEL se compromete en hacer accesible su sitio web de conformidad con el\u00a0Real Decreto 1112\/2018, sobre accesibilidad de los sitios webs y aplicaciones para dispositivos m\u00f3viles del sector p\u00fablico. La presente declaraci\u00f3n de accesibilidad se aplica al sitio web a elrefugiodelpago.es SITUACI\u00d3N DE CUMPLIMIENTO Este sitio web es parcialmente conforme [&hellip;]","og_url":"https:\/\/elrefugiodelpago.es\/en\/aviso-legal\/declaracion-de-accesibilidad\/","og_site_name":"El Refugio del Pago","article_modified_time":"2025-01-28T18:50:38+00:00","og_image":[{"width":1024,"height":683,"url":"https:\/\/elrefugiodelpago.es\/wp-content\/uploads\/2026\/03\/ChatGPT-Image-3-mar-2026-22_20_36-1024x683.png","type":"image\/png"}],"twitter_card":"summary_large_image","twitter_misc":{"Estimated reading time":"2 minutes"},"schema":{"@context":"https:\/\/schema.org","@graph":[{"@type":"WebPage","@id":"https:\/\/elrefugiodelpago.es\/aviso-legal\/declaracion-de-accesibilidad\/","url":"https:\/\/elrefugiodelpago.es\/aviso-legal\/declaracion-de-accesibilidad\/","name":"Declaraci\u00f3n de accesibilidad | El Refugio del Pago","isPartOf":{"@id":"https:\/\/elrefugiodelpago.es\/#website"},"datePublished":"2025-01-20T13:38:10+00:00","dateModified":"2025-01-28T18:50:38+00:00","breadcrumb":{"@id":"https:\/\/elrefugiodelpago.es\/aviso-legal\/declaracion-de-accesibilidad\/#breadcrumb"},"inLanguage":"en-GB","potentialAction":[{"@type":"ReadAction","target":["https:\/\/elrefugiodelpago.es\/aviso-legal\/declaracion-de-accesibilidad\/"]}]},{"@type":"BreadcrumbList","@id":"https:\/\/elrefugiodelpago.es\/aviso-legal\/declaracion-de-accesibilidad\/#breadcrumb","itemListElement":[{"@type":"ListItem","position":1,"name":"Portada","item":"https:\/\/elrefugiodelpago.es\/"},{"@type":"ListItem","position":2,"name":"Aviso Legal","item":"https:\/\/elrefugiodelpago.es\/aviso-legal\/"},{"@type":"ListItem","position":3,"name":"Declaraci\u00f3n de accesibilidad"}]},{"@type":"WebSite","@id":"https:\/\/elrefugiodelpago.es\/#website","url":"https:\/\/elrefugiodelpago.es\/","name":"The Pago Shelter","description":"El Refugio del Pago restaurant in Tiedra, specializing in traditional cuisine, meats and wines in a cozy atmosphere.","publisher":{"@id":"https:\/\/elrefugiodelpago.es\/#organization"},"alternateName":"Restaurante El Refugio-Tiedra","potentialAction":[{"@type":"SearchAction","target":{"@type":"EntryPoint","urlTemplate":"https:\/\/elrefugiodelpago.es\/?s={search_term_string}"},"query-input":{"@type":"PropertyValueSpecification","valueRequired":true,"valueName":"search_term_string"}}],"inLanguage":"en-GB"},{"@type":"Organization","@id":"https:\/\/elrefugiodelpago.es\/#organization","name":"The Pago Shelter","url":"https:\/\/elrefugiodelpago.es\/","logo":{"@type":"ImageObject","inLanguage":"en-GB","@id":"https:\/\/elrefugiodelpago.es\/#\/schema\/logo\/image\/","url":"https:\/\/elrefugiodelpago.es\/wp-content\/uploads\/2025\/02\/cropped-logo-transparente-.png","contentUrl":"https:\/\/elrefugiodelpago.es\/wp-content\/uploads\/2025\/02\/cropped-logo-transparente-.png","width":617,"height":352,"caption":"El Refugio del Pago"},"image":{"@id":"https:\/\/elrefugiodelpago.es\/#\/schema\/logo\/image\/"}}]}},"_links":{"self":[{"href":"https:\/\/elrefugiodelpago.es\/en\/wp-json\/wp\/v2\/pages\/18","targetHints":{"allow":["GET"]}}],"collection":[{"href":"https:\/\/elrefugiodelpago.es\/en\/wp-json\/wp\/v2\/pages"}],"about":[{"href":"https:\/\/elrefugiodelpago.es\/en\/wp-json\/wp\/v2\/types\/page"}],"author":[{"embeddable":true,"href":"https:\/\/elrefugiodelpago.es\/en\/wp-json\/wp\/v2\/users\/2"}],"replies":[{"embeddable":true,"href":"https:\/\/elrefugiodelpago.es\/en\/wp-json\/wp\/v2\/comments?post=18"}],"version-history":[{"count":0,"href":"https:\/\/elrefugiodelpago.es\/en\/wp-json\/wp\/v2\/pages\/18\/revisions"}],"up":[{"embeddable":true,"href":"https:\/\/elrefugiodelpago.es\/en\/wp-json\/wp\/v2\/pages\/20"}],"wp:attachment":[{"href":"https:\/\/elrefugiodelpago.es\/en\/wp-json\/wp\/v2\/media?parent=18"}],"curies":[{"name":"wp","href":"https:\/\/api.w.org\/{rel}","templated":true}]}}

<p><strong>Updated 03/15/2023</strong></p>



<p><strong>JULIO CÉSAR HERRADOR CURIEL undertakes to make its website accessible in accordance with the </strong><a href="https://www.boe.es/diario_boe/txt.php?id=BOE-A-2018-12699"><strong>Royal Decree 1112/2018</strong></a><strong>, on the accessibility of public sector websites and mobile applications.</strong></p>



<p>This accessibility statement applies to the website elrefugiodelpago.es</p>



<p><strong>COMPLIANCE STATUS</strong></p>



<p>This website is partially compliant with the&nbsp;<a href="https://www.boe.es/diario_boe/txt.php?id=BOE-A-2018-12699">RD 1112/2018</a>&nbsp;due to non-compliance with the aspects indicated below.</p>



<p><strong>Content not accessible</strong></p>



<p>The content below is not accessible for the following reasons:</p>



<p><strong>Lack of compliance with RD 1112/2018</strong></p>



<ul class="wp-block-list">
<li>Images can be found without accompanying explanatory text.</li>



<li>Incorrect nesting of tags can still be found.</li>



<li>There may be editing errors on the website.</li>
</ul>



<p><strong>Disproportionate burden</strong></p>



<ul class="wp-block-list">
<li>Not applicable.</li>
</ul>



<p><strong>The content does not fall within the scope of applicable legislation.</strong></p>



<ul class="wp-block-list">
<li>There are PDF office files that do not fully meet all accessibility requirements.</li>
</ul>



<p>This statement was prepared on January 15, 2023.</p>



<p>The method used to prepare the statement was a self-assessment carried out by the accessibility team.</p>



<p>Last revised statement: January 12, 2023.</p>



<p><strong>Comments and contact information</strong></p>



<p>You can make communications about accessibility requirements (article 10.2.a) of RD 1112/2018) such as:</p>



<ul class="wp-block-list">
<li>Report any potential breaches by this website.</li>



<li>Transmit other difficulties in accessing content.</li>



<li>Ask any other questions or suggestions for improvement regarding the accessibility of the website.</li>
</ul>



<p>Through our suggestion box info@elrefugiodelpago.es, or in person at our headquarters:&nbsp;<a href="https://www.google.com/maps/place//data=!4m2!3m1!1s0xd388fcc92fb239b:0xe9a5394fe42c2b0a?sa=X&amp;ved=1t:8290&amp;ictx=111">Medina de Rioseco to Toro Road, VA-705, S/N, 47870 Tiedra, Valladolid</a></p>



<p>Communications will be received and processed by the Accessibility team.</p>



<p></p>

<p>Actualizado 15/03/2023 JULIO CÉSAR HERRADOR CURIEL se compromete en hacer accesible su sitio web de conformidad con el Real Decreto 1112/2018, sobre accesibilidad de los sitios webs y aplicaciones para dispositivos móviles del sector público. La presente declaración de accesibilidad se aplica al sitio web a elrefugiodelpago.es SITUACIÓN DE CUMPLIMIENTO Este sitio web es parcialmente conforme [&hellip;]</p>

<!-- This site is optimized with the Yoast SEO plugin v27.5 - https://yoast.com/product/yoast-seo-wordpress/ -->
<title>Declaración de accesibilidad | El Refugio del Pago</title>
<meta name="robots" content="noindex, nofollow" />
<meta property="og:locale" content="en_GB" />
<meta property="og:type" content="article" />
<meta property="og:title" content="Declaración de accesibilidad | El Refugio del Pago" />
<meta property="og:description" content="Actualizado 15/03/2023 JULIO CÉSAR HERRADOR CURIEL se compromete en hacer accesible su sitio web de conformidad con el Real Decreto 1112/2018, sobre accesibilidad de los sitios webs y aplicaciones para dispositivos móviles del sector público. La presente declaración de accesibilidad se aplica al sitio web a elrefugiodelpago.es SITUACIÓN DE CUMPLIMIENTO Este sitio web es parcialmente conforme [&hellip;]" />
<meta property="og:url" content="https://elrefugiodelpago.es/en/aviso-legal/declaracion-de-accesibilidad/" />
<meta property="og:site_name" content="El Refugio del Pago" />
<meta property="article:modified_time" content="2025-01-28T18:50:38+00:00" />
<meta property="og:image" content="https://elrefugiodelpago.es/wp-content/uploads/2026/03/ChatGPT-Image-3-mar-2026-22_20_36-1024x683.png" />
	<meta property="og:image:width" content="1024" />
	<meta property="og:image:height" content="683" />
	<meta property="og:image:type" content="image/png" />
<meta name="twitter:card" content="summary_large_image" />
<meta name="twitter:label1" content="Estimated reading time" />
	<meta name="twitter:data1" content="2 minutes" />
<script type="application/ld+json" class="yoast-schema-graph">{"@context":"https:\/\/schema.org","@graph":[{"@type":"WebPage","@id":"https:\/\/elrefugiodelpago.es\/aviso-legal\/declaracion-de-accesibilidad\/","url":"https:\/\/elrefugiodelpago.es\/aviso-legal\/declaracion-de-accesibilidad\/","name":"Declaración de accesibilidad | El Refugio del Pago","isPartOf":{"@id":"https:\/\/elrefugiodelpago.es\/#website"},"datePublished":"2025-01-20T13:38:10+00:00","dateModified":"2025-01-28T18:50:38+00:00","breadcrumb":{"@id":"https:\/\/elrefugiodelpago.es\/aviso-legal\/declaracion-de-accesibilidad\/#breadcrumb"},"inLanguage":"en-GB","potentialAction":[{"@type":"ReadAction","target":["https:\/\/elrefugiodelpago.es\/aviso-legal\/declaracion-de-accesibilidad\/"]}]},{"@type":"BreadcrumbList","@id":"https:\/\/elrefugiodelpago.es\/aviso-legal\/declaracion-de-accesibilidad\/#breadcrumb","itemListElement":[{"@type":"ListItem","position":1,"name":"Portada","item":"https:\/\/elrefugiodelpago.es\/"},{"@type":"ListItem","position":2,"name":"Aviso Legal","item":"https:\/\/elrefugiodelpago.es\/aviso-legal\/"},{"@type":"ListItem","position":3,"name":"Declaración de accesibilidad"}]},{"@type":"WebSite","@id":"https:\/\/elrefugiodelpago.es\/#website","url":"https:\/\/elrefugiodelpago.es\/","name":"El Refugio del Pago","description":"Restaurante El Refugio del Pago en Tiedra, especializado en cocina tradicional, carnes y vinos en un ambiente acogedor.","publisher":{"@id":"https:\/\/elrefugiodelpago.es\/#organization"},"alternateName":"Restaurante El Refugio-Tiedra","potentialAction":[{"@type":"SearchAction","target":{"@type":"EntryPoint","urlTemplate":"https:\/\/elrefugiodelpago.es\/?s={search_term_string}"},"query-input":{"@type":"PropertyValueSpecification","valueRequired":true,"valueName":"search_term_string"}}],"inLanguage":"en-GB"},{"@type":"Organization","@id":"https:\/\/elrefugiodelpago.es\/#organization","name":"El Refugio del Pago","url":"https:\/\/elrefugiodelpago.es\/","logo":{"@type":"ImageObject","inLanguage":"en-GB","@id":"https:\/\/elrefugiodelpago.es\/#\/schema\/logo\/image\/","url":"https:\/\/elrefugiodelpago.es\/wp-content\/uploads\/2025\/02\/cropped-logo-transparente-.png","contentUrl":"https:\/\/elrefugiodelpago.es\/wp-content\/uploads\/2025\/02\/cropped-logo-transparente-.png","width":617,"height":352,"caption":"El Refugio del Pago"},"image":{"@id":"https:\/\/elrefugiodelpago.es\/#\/schema\/logo\/image\/"}}]}</script>
<!-- / Yoast SEO plugin. -->

Declaración de accesibilidad | El Refugio del Pago

Actualizado 15/03/2023 JULIO CÉSAR HERRADOR CURIEL se compromete en hacer accesible su sitio web de conformidad con el Real Decreto 1112/2018, sobre accesibilidad de los sitios webs y aplicaciones para dispositivos móviles del sector público. La presente declaración de accesibilidad se aplica al sitio web a elrefugiodelpago.es SITUACIÓN DE CUMPLIMIENTO Este sitio web es parcialmente conforme [&hellip;]

Declaración de accesibilidad
